{"id":83,"date":"2018-07-23T18:06:30","date_gmt":"2018-07-23T18:06:30","guid":{"rendered":"https:\/\/horat-arts.ch\/?page_id=83"},"modified":"2018-07-24T08:52:05","modified_gmt":"2018-07-24T08:52:05","slug":"handwerk","status":"publish","type":"page","link":"https:\/\/horat-arts.ch\/?page_id=83","title":{"rendered":"Handwerk"},"content":{"rendered":"<p><img loading=\"lazy\" decoding=\"async\" class=\"alignnone wp-image-104\" src=\"https:\/\/horat-arts.ch\/wp-content\/uploads\/2018\/07\/schmuck1-300x195.jpg\" alt=\"\" width=\"300\" height=\"195\" srcset=\"https:\/\/horat-arts.ch\/wp-content\/uploads\/2018\/07\/schmuck1-300x195.jpg 300w, https:\/\/horat-arts.ch\/wp-content\/uploads\/2018\/07\/schmuck1.jpg 630w\" sizes=\"auto, (max-width: 300px) 100vw, 300px\" \/> <img loading=\"lazy\" decoding=\"async\" class=\"alignnone wp-image-105\" src=\"https:\/\/horat-arts.ch\/wp-content\/uploads\/2018\/07\/skull1-300x184.jpg\" alt=\"\" width=\"317\" height=\"195\" srcset=\"https:\/\/horat-arts.ch\/wp-content\/uploads\/2018\/07\/skull1-300x184.jpg 300w, https:\/\/horat-arts.ch\/wp-content\/uploads\/2018\/07\/skull1.jpg 630w\" sizes=\"auto, (max-width: 317px) 100vw, 317px\" \/><\/p>\n<p>Neben Messern mache ich auch viele andere Handwerkliche Sachen, insbesondere besch\u00e4ftige ich mich mit diversen Giesstechniken von Metallen. Nebst Sandguss, f\u00fcr einfachere Teile, gie\u00dfe ich Totenk\u00f6pfe aus Metallen wie Messing oder Aluminium, welche in verlorenen Formen gemacht werden. Hierbei werden von mir Modellierte Wachsmodelle eingegipst, ausgeschmolzen und dann mit fl\u00fcssigem Metall gef\u00fcllt. Ein spannender Prozess, welcher erst beim Zerst\u00f6ren der Form das Ergebnis preisgibt.<\/p>\n<p>&nbsp;<\/p>\n<p>Mit den Resten, welche beim Messermachen entstehen, mache ich kleine Schmuckanh\u00e4nger, meistens Messer. Insbesondere aus Damast Resten werden daraus sehr sch\u00f6ne und anschauliche Schmuckst\u00fccke.<\/p>\n","protected":false},"excerpt":{"rendered":"<p>Neben Messern mache ich auch viele andere Handwerkliche Sachen, insbesondere besch\u00e4ftige ich mich mit diversen Giesstechniken von Metallen. Nebst Sandguss, f\u00fcr einfachere Teile, gie\u00dfe ich Totenk\u00f6pfe aus Metallen wie Messing oder Aluminium, welche in verlorenen Formen gemacht werden. Hierbei werden von mir Modellierte Wachsmodelle eingegipst, ausgeschmolzen und dann mit fl\u00fcssigem Metall gef\u00fcllt. Ein spannender Prozess, &hellip; <\/p>\n<p><a class=\"more-link btn\" href=\"https:\/\/horat-arts.ch\/?page_id=83\">Weiterlesen<\/a><\/p>\n","protected":false},"author":1,"featured_media":0,"parent":0,"menu_order":3,"comment_status":"closed","ping_status":"closed","template":"","meta":{"footnotes":""},"class_list":["post-83","page","type-page","status-publish","hentry","nodate","item-wrap"],"_links":{"self":[{"href":"https:\/\/horat-arts.ch\/index.php?rest_route=\/wp\/v2\/pages\/83","targetHints":{"allow":["GET"]}}],"collection":[{"href":"https:\/\/horat-arts.ch\/index.php?rest_route=\/wp\/v2\/pages"}],"about":[{"href":"https:\/\/horat-arts.ch\/index.php?rest_route=\/wp\/v2\/types\/page"}],"author":[{"embeddable":true,"href":"https:\/\/horat-arts.ch\/index.php?rest_route=\/wp\/v2\/users\/1"}],"replies":[{"embeddable":true,"href":"https:\/\/horat-arts.ch\/index.php?rest_route=%2Fwp%2Fv2%2Fcomments&post=83"}],"version-history":[{"count":3,"href":"https:\/\/horat-arts.ch\/index.php?rest_route=\/wp\/v2\/pages\/83\/revisions"}],"predecessor-version":[{"id":106,"href":"https:\/\/horat-arts.ch\/index.php?rest_route=\/wp\/v2\/pages\/83\/revisions\/106"}],"wp:attachment":[{"href":"https:\/\/horat-arts.ch\/index.php?rest_route=%2Fwp%2Fv2%2Fmedia&parent=83"}],"curies":[{"name":"wp","href":"https:\/\/api.w.org\/{rel}","templated":true}]}}